 = 2*n. What are the prime factors of n?
3, 7, 41
Let i(a) = 2*a**2 + 90*a + 140. Let m(t) = 2*t**3 + 6*t**2 - 5*t + 27. Let v be m(-5). List the prime factors of i(v).
2, 107
What are the prime factors of (-315656)/(-51)*(-18)/(-24)?
2, 11, 211
Let k(b) = 57*b**2 + 34*b - 287. List the prime factors of k(11).
2, 3, 97
Let n be (-7)/(7/(-6))*8/16. Suppose t - 18 = -d - n, 2*t + 20 = 3*d. Suppose d*i = 307 + 83. What are the prime factors of i?
3, 13
Suppose i = 2*y + 3, 2*i + 11 + 15 = -4*y. Let w = -258 - -197. Let u = y - w. List the prime factors of u.
3, 19
Suppose 192*o - 311*o = -165*o + 1607838. List the prime factors of o.
3, 61, 191
Let y = 5540 + -5386. What are the prime factors of y?
2, 7, 11
Let c(j) = -2*j**3 - 7*j**2 - 8*j - 2. Let b be c(-4). What are the prime factors of 4/b - (-145980)/276?
23
Let b(j) = 4*j**2 - 11*j - 13. Let d be b(-13). Suppose 0 = -3*x - 188 + d. Suppose -x = -2*v - 4*c, -4*v + 367 = -0*v - c. What are the prime factors of v?
3, 31
Let n(p) = -13*p + 3 + 21 - p**3 + 12*p**2 + 22. Let h = 7797 + -7786. What are the prime factors of n(h)?
2, 3
Let u(s) = -4*s**2 - 47*s - 26. Let t be u(-11). Suppose 0 = t*b - 3824 - 1762. List the prime factors of b.
2, 3, 7, 19
Suppose 3*q - 36914 = -2*z, 2*z - 5306 = -4*q + 43918. List the prime factors of q.
2, 5, 1231
Let n = -355 + 1100. List the prime factors of n.
5, 149
Suppose -i + 25644 = -4*a + 83061, 0 = -4*a - 3*i + 57413. What are the prime factors of a?
2, 7177
Suppose 110 = -0*y - 11*y. Let d be y + 6 + (93*4 - -2). Suppose -2*g - 834 = -4*b, -49 - d = -2*b + 3*g. List the prime factors of b.
2, 13
Let x(d) = -d + 28. Let a(n) = 3*n**2 - 31*n + 15. Let m be a(10). Let q be ((-6)/m)/((-15)/100). List the prime factors of x(q).
2, 5
Let z be 6/(4/4)*(-22)/(-4). Suppose -p + 3*c + 23 = p, -5*c = -2*p + z. List the prime factors of 1*p*(-497)/(-14).
2, 71
Suppose 3*y - 5*x - 1786 = 2887, 4*x = -6*y + 9332. List the prime factors of y.
2, 389
Let z be 2 + -4 + 3 + -2 + 183. Suppose 0 = -10*s - 4*s + z. Let c = s - -88. What are the prime factors of c?
101
Let p = -108 + 112. Suppose -p*d - 307 = -x, -3*d = 3*x - 5*d - 901. List the prime factors of x.
13, 23
Let t(y) = -y**2 + 4*y. Let s be t(2). Let j = s + -1. Suppose 6*a - 783 = -j*a. What are the prime factors of a?
3, 29
Let x(a) = a**3 + 16 - 15*a + 682*a**2 - 1350*a**2 + 679*a**2. What are the prime factors of x(-12)?
2, 13
What are the prime factors of ((-7)/(147/(-2366)))/((-6)/(-171))?
13, 19
Let l be (3 + -7 - -3)/(5/(-13205)). Suppose 4*i = o + l, 0 = -i - 0*i + 3*o + 674. What are the prime factors of i?
659
Suppose -14550 - 2544 = -6*k. What are the prime factors of k?
7, 11, 37
Suppose -48*n + 18323 = 40*n - 15*n. Let a(d) = 9*d. Let y be a(1). Suppose -n - y = -4*x. List the prime factors of x.
5, 13
Suppose -378 = -4*s - 0*y + 3*y, -s + y = -95. Let l = s + -59. Suppose -2*g + l + 18 = 0. List the prime factors of g.
2, 13
Let u(j) = 7*j**2 + 37*j - 2462. What are the prime factors of u(-57)?
2, 7, 11, 59
Let q be 10*(2*4/(-8))/(-1). Let d = q + 170. List the prime factors of d.
2, 3, 5
Let a = 58584 + -33815. What are the prime factors of a?
17, 31, 47
Suppose 84723 = 16*s - 84829. What are the prime factors of s?
10597
Let a(o) = 2*o**3 - 118*o**2 - 11*o - 366. What are the prime factors of a(61)?
61, 227
Let q(a) = a**3 + 9*a**2 + 7*a + 19. Suppose 0*u + 145 = 5*u. Let m = u - 37. List the prime factors of q(m).
3
Suppose -137 + 177 = 5*a. Let j(u) = -u**3 + 7*u**2 + 9*u - 4. Let r be j(a). Suppose -r*g + 3*g + 135 = 0. What are the prime factors of g?
3, 5
What are the prime factors of (1/(-2))/((-82)/560060)?
5, 683
Let m(l) = -212 + 523*l - 72 - 147*l. What are the prime factors of m(5)?
2, 3, 7, 19
Let o = -3658 + 9983. What are the prime factors of o?
5, 11, 23
Let z be -3 + 165/(-5)*-1. Suppose 0*f + z = 6*f. Suppose 2*a - 67 = t - 2*t, 2*t - f*a = 134. What are the prime factors of t?
67
Suppose 5*a + 363 = 1368. Let k(t) = -10*t**2 + t + 14. Let w be k(4). Let v = a + w. What are the prime factors of v?
59
Let h = 248 + 4186. List the prime factors of h.
2, 3, 739
Suppose -3*c + 6 = -5*c. Let f be c - 97/(-11) - 10/(-55). List the prime factors of (f + -1)*(25 - -4 - 2).
3, 5
Let d(w) = 2*w**3 - 25*w**2 + 7*w + 10. Suppose 0 = 4*u - 4*s - 72, 37 + 1 = 3*u + s. List the prime factors of d(u).
2, 3, 29
Let k(i) = 38*i**2 + 10*i + 541. What are the prime factors of k(23)?
20873
Let p = -1594 - -2770. Let q = -675 + p. What are the prime factors of q?
3, 167
Suppose 388*x - 51870 = 323*x. What are the prime factors of x?
2, 3, 7, 19
Suppose 3 = -3*y, -4*b + 56 = -3*y - 251. Let d = b + 423. List the prime factors of d.
499
Suppose 2*f = -s + 7, 3*s + s + 5*f = 22. Suppose -s + 0 = -3*v. What are the prime factors of (1 + 3)*v - 0?
2
Suppose 0 = -3*i - 5*g + 319, 3*i - 2*g + 99 = 446. Let m = i + -74. List the prime factors of m.
3, 13
Let v = 24840 + -15792. Suppose v = -61*t + 69*t. What are the prime factors of t?
3, 13, 29
Let h be 1661/(-22)*(-4)/(-2). Let j = 296 - h. Suppose -2*g + 121 = -2*i + j, 0 = -i + 5*g + 159. What are the prime factors of i?
2, 41
Suppose 24*a - 72324 - 106404 = 0. List the prime factors of a.
11, 677
Let z(p) = 16*p + 352. Let g be z(39). Suppose 0*n - 1973 = -4*b + n, -4*n - g = -2*b. What are the prime factors of b?
2, 13, 19
Suppose 3*b - 72491 = -4*t + 38040, 0 = -b - t + 36846. List the prime factors of b.
137, 269
Let f be 5*76/20*-1. List the prime factors of 1/4 + ((-209000)/32)/f.
2, 43
Suppose 4*n + 17 = -y - 3, 5*y + 5 = -n. Suppose y = 2*l + 6*s - s - 178, 5*l - s - 418 = 0. List the prime factors of l.
2, 3, 7
What are the prime factors of (280/10)/(-4) - -2571?
2, 641
Suppose 0 = 10*x - 125 - 45. Suppose -6*b + 3036 = -x*b. List the prime factors of 3 - (b + (-2)/2).
2, 5, 7
Let f = -210 + 145. Let s = f + 65. What are the prime factors of 6 + 265 + 2/6*s?
271
Let m(q) = -10*q + 114. Let a be m(25). Let s = 501 + a. What are the prime factors of s?
5, 73
Let c(i) = i**2 - 121*i + 3640. List the prime factors of c(109).
2, 11, 53
Suppose 6*y - 61 = 131. Let o = y - -2. Suppose -i = -71 - o. What are the prime factors of i?
3, 5, 7
Suppose -2*q = -230 + 566. Let i = q + 67. Let v = 123 + i. What are the prime factors of v?
2, 11
Let a(n) = -2*n**2 + 29*n - 43. Let k be a(25). Let v = 978 + k. List the prime factors of v.
2, 5, 41
Let c(j) = -2*j + 2*j - 2*j + j + 42. What are the prime factors of c(-14)?
2, 7
List the prime factors of 1*(-12 - -4) + (3027 - -2).
3, 19, 53
Suppose 115232 = 5*y + 4*l, -y - 92229 = -5*y + 3*l. What are the prime factors of y?
2, 3, 17, 113
Let x = -481 + 866. List the prime factors of x.
5, 7, 11
Suppose 0 = -2*c + 5*k + 24936, -23*c - 4*k = -21*c - 24882. List the prime factors of c.
3, 7, 593
Let r = 6643 - -10259. List the prime factors of r.
2, 3, 313
Let c(m) = 1608*m - 101. What are the prime factors of c(3)?
4723
Let v = 13 + -9. Let f(t) = t**3 + 9*t**2 + 5*t + 10. Let u be f(-8). List the prime factors of (-5)/(-10)*u + v.
3, 7
Let f(m) = -17*m + 35. Let h = -151 - -139. What are the prime factors of f(h)?
239
Let z = 201 - 106. Let t(p) = -z + 3*p**2 - 2*p**2 - 6*p + 90. List the prime factors of t(-3).
2, 11
Let r(p) = -36*p**3 - 3*p**2 + 27*p + 24. What are the prime factors of r(-6)?
2, 3, 5, 251
Suppose -8 = -19*a + 15*a. Let s be 4/3*(19 + 0 + a). Suppose 60 + s = c. List the prime factors of c.
2, 11
Let l(i) = i**2 + 13*i + 37. Let y(v) = v**3 - 9*v**2 - 2*v + 2. Let a be y(9). Let r be l(a). Let o = r - 33. List the prime factors of o.
2, 13
Let w(k) be the first derivative of k**3/3 - 15*k**2/2 - 33*k + 95. List the prime factors of w(-24).
3, 7, 43
Let u(i) = -112*i**3 - 5*i**2 - i + 8. Suppose -5*s - 13 = 2*n - 11, 2*n = 3*s + 14. List the prime factors of u(s).
2, 443
Suppose -q + 11 = -3*h - 195, -h = -3*q + 82. Let a be 8580/65 + -9*(-4)/(-6). Let c = a - h. List the prime factors of c.
193
Let d be (-75)/(-10)*(-6)/(-9). What are the prime factors of 60/((-3)/(-50)*d)?
2, 5
Suppose -14*o + 30400 = 4164. Let q = o - 739. What are the prime factors of q?
5, 227
Suppose -45*w - 2869998 = 38*w - 7628720. What are the prime factors of w?
2, 109, 263
Let q(s) = -85*s - 47. Let m be 77/84*-15